{"id":143,"date":"2023-12-04T16:23:52","date_gmt":"2023-12-04T16:23:52","guid":{"rendered":"https:\/\/bapro-biro.si\/?page_id=143"},"modified":"2024-02-23T16:52:16","modified_gmt":"2024-02-23T16:52:16","slug":"reference","status":"publish","type":"page","link":"https:\/\/bapro-biro.si\/?page_id=143","title":{"rendered":"REFERENCE"},"content":{"rendered":"\t\t<div data-elementor-type=\"wp-page\" data-elementor-id=\"143\" class=\"elementor elementor-143\" data-elementor-post-type=\"page\">\n\t\t\t\t<div class=\"elementor-element elementor-element-757b48b e-flex e-con-boxed e-con e-parent\" data-id=\"757b48b\" data-element_type=\"container\">\n\t\t\t\t\t<div class=\"e-con-inner\">\n\t\t\t\t<div class=\"elementor-element elementor-element-0cd3529 elementor-widget elementor-widget-text-editor\" data-id=\"0cd3529\" data-element_type=\"widget\" data-widget_type=\"text-editor.default\">\n\t\t\t\t<div class=\"elementor-widget-container\">\n\t\t\t\t\t\t\t\t\t<p>Uspe\u0161no smo zaklju\u010dili \u017ee preko 700 razli\u010dnih<br \/>projektov.\u00a0<\/p><p>\u00a0<\/p><ul><li>Individualni projekti hi\u0161<\/li><li>Tipske hi\u0161e<\/li><li>Poslovni objekti<\/li><li>Industrijski objekti<\/li><li>Gospodarski objekti<\/li><li>Strokovni nadzor<\/li><li>Vizualizacije<\/li><li>Legalizacije<\/li><li>Dozidave-nadzidave<\/li><li>Rekonstrukcije<\/li><li>Spremembe namambnosti<\/li><li>Vila bloki<\/li><li>Dvoj\u010dki<\/li><li>Vrstne hi\u0161e<\/li><\/ul>\t\t\t\t\t\t\t\t<\/div>\n\t\t\t\t<\/div>\n\t\t\t\t\t<\/div>\n\t\t\t\t<\/div>\n\t\t<div class=\"elementor-element elementor-element-234c4c7 e-con-full e-flex e-con e-parent\" data-id=\"234c4c7\" data-element_type=\"container\">\n\t\t\t\t<div class=\"elementor-element elementor-element-78cd2d0 elementor-widget elementor-widget-counter\" data-id=\"78cd2d0\" data-element_type=\"widget\" data-widget_type=\"counter.default\">\n\t\t\t\t<div class=\"elementor-widget-container\">\n\t\t\t\t\t\t\t<div class=\"elementor-counter\">\n\t\t\t<div class=\"elementor-counter-title\">let poslovanja.<\/div>\t\t\t<div class=\"elementor-counter-number-wrapper\">\n\t\t\t\t<span class=\"elementor-counter-number-prefix\"><\/span>\n\t\t\t\t<span class=\"elementor-counter-number\" data-duration=\"2000\" data-to-value=\"35\" data-from-value=\"0\" data-delimiter=\",\">0<\/span>\n\t\t\t\t<span class=\"elementor-counter-number-suffix\">+<\/span>\n\t\t\t<\/div>\n\t\t<\/div>\n\t\t\t\t\t\t<\/div>\n\t\t\t\t<\/div>\n\t\t\t\t<div class=\"elementor-element elementor-element-7758112 elementor-widget elementor-widget-counter\" data-id=\"7758112\" data-element_type=\"widget\" data-widget_type=\"counter.default\">\n\t\t\t\t<div class=\"elementor-widget-container\">\n\t\t\t\t\t\t\t<div class=\"elementor-counter\">\n\t\t\t<div class=\"elementor-counter-title\">izvedenih projektov.<\/div>\t\t\t<div class=\"elementor-counter-number-wrapper\">\n\t\t\t\t<span class=\"elementor-counter-number-prefix\"><\/span>\n\t\t\t\t<span class=\"elementor-counter-number\" data-duration=\"2000\" data-to-value=\"700\" data-from-value=\"0\" data-delimiter=\",\">0<\/span>\n\t\t\t\t<span class=\"elementor-counter-number-suffix\">+<\/span>\n\t\t\t<\/div>\n\t\t<\/div>\n\t\t\t\t\t\t<\/div>\n\t\t\t\t<\/div>\n\t\t\t\t<\/div>\n\t\t\t\t<\/div>\n\t\t","protected":false},"excerpt":{"rendered":"<p>Uspe\u0161no smo zaklju\u010dili \u017ee preko 700 razli\u010dnihprojektov.\u00a0 \u00a0 Individualni projekti hi\u0161 Tipske hi\u0161e Poslovni objekti Industrijski objekti Gospodarski objekti Strokovni nadzor Vizualizacije Legalizacije Dozidave-nadzidave Rekonstrukcije Spremembe namambnosti Vila bloki Dvoj\u010dki Vrstne hi\u0161e 0 + let poslovanja. 0 + izvedenih projektov.<\/p>\n","protected":false},"author":1,"featured_media":0,"parent":0,"menu_order":0,"comment_status":"closed","ping_status":"closed","template":"","meta":{"footnotes":""},"class_list":["post-143","page","type-page","status-publish","hentry"],"yoast_head":"<!-- This site is optimized with the Yoast SEO plugin v25.3 - https:\/\/yoast.com\/wordpress\/plugins\/seo\/ -->\n<title>REFERENCE -<\/title>\n<meta name=\"robots\" content=\"index, follow, max-snippet:-1, max-image-preview:large, max-video-preview:-1\" \/>\n<link rel=\"canonical\" href=\"https:\/\/bapro-biro.si\/?page_id=143\" \/>\n<meta property=\"og:locale\" content=\"sl_SI\" \/>\n<meta property=\"og:type\" content=\"article\" \/>\n<meta property=\"og:title\" content=\"REFERENCE -\" \/>\n<meta property=\"og:description\" content=\"Uspe\u0161no smo zaklju\u010dili \u017ee preko 700 razli\u010dnihprojektov.\u00a0 \u00a0 Individualni projekti hi\u0161 Tipske hi\u0161e Poslovni objekti Industrijski objekti Gospodarski objekti Strokovni nadzor Vizualizacije Legalizacije Dozidave-nadzidave Rekonstrukcije Spremembe namambnosti Vila bloki Dvoj\u010dki Vrstne hi\u0161e 0 + let poslovanja. 0 + izvedenih projektov.\" \/>\n<meta property=\"og:url\" content=\"https:\/\/bapro-biro.si\/?page_id=143\" \/>\n<meta property=\"article:modified_time\" content=\"2024-02-23T16:52:16+00:00\" \/>\n<meta name=\"twitter:card\" content=\"summary_large_image\" \/>\n<script type=\"application\/ld+json\" class=\"yoast-schema-graph\">{\"@context\":\"https:\/\/schema.org\",\"@graph\":[{\"@type\":\"WebPage\",\"@id\":\"https:\/\/bapro-biro.si\/?page_id=143\",\"url\":\"https:\/\/bapro-biro.si\/?page_id=143\",\"name\":\"REFERENCE -\",\"isPartOf\":{\"@id\":\"https:\/\/bapro-biro.si\/#website\"},\"datePublished\":\"2023-12-04T16:23:52+00:00\",\"dateModified\":\"2024-02-23T16:52:16+00:00\",\"breadcrumb\":{\"@id\":\"https:\/\/bapro-biro.si\/?page_id=143#breadcrumb\"},\"inLanguage\":\"sl-SI\",\"potentialAction\":[{\"@type\":\"ReadAction\",\"target\":[\"https:\/\/bapro-biro.si\/?page_id=143\"]}]},{\"@type\":\"BreadcrumbList\",\"@id\":\"https:\/\/bapro-biro.si\/?page_id=143#breadcrumb\",\"itemListElement\":[{\"@type\":\"ListItem\",\"position\":1,\"name\":\"Home\",\"item\":\"https:\/\/bapro-biro.si\/\"},{\"@type\":\"ListItem\",\"position\":2,\"name\":\"REFERENCE\"}]},{\"@type\":\"WebSite\",\"@id\":\"https:\/\/bapro-biro.si\/#website\",\"url\":\"https:\/\/bapro-biro.si\/\",\"name\":\"Bapro-Biro.si\",\"description\":\"\",\"publisher\":{\"@id\":\"https:\/\/bapro-biro.si\/#organization\"},\"potentialAction\":[{\"@type\":\"SearchAction\",\"target\":{\"@type\":\"EntryPoint\",\"urlTemplate\":\"https:\/\/bapro-biro.si\/?s={search_term_string}\"},\"query-input\":{\"@type\":\"PropertyValueSpecification\",\"valueRequired\":true,\"valueName\":\"search_term_string\"}}],\"inLanguage\":\"sl-SI\"},{\"@type\":\"Organization\",\"@id\":\"https:\/\/bapro-biro.si\/#organization\",\"name\":\"Bapro Biro\",\"url\":\"https:\/\/bapro-biro.si\/\",\"logo\":{\"@type\":\"ImageObject\",\"inLanguage\":\"sl-SI\",\"@id\":\"https:\/\/bapro-biro.si\/#\/schema\/logo\/image\/\",\"url\":\"https:\/\/bapro-biro.si\/wp-content\/uploads\/2023\/12\/cropped-bapro-biro-logo-1.png\",\"contentUrl\":\"https:\/\/bapro-biro.si\/wp-content\/uploads\/2023\/12\/cropped-bapro-biro-logo-1.png\",\"width\":326,\"height\":123,\"caption\":\"Bapro Biro\"},\"image\":{\"@id\":\"https:\/\/bapro-biro.si\/#\/schema\/logo\/image\/\"}}]}<\/script>\n<!-- \/ Yoast SEO plugin. -->","yoast_head_json":{"title":"REFERENCE -","robots":{"index":"index","follow":"follow","max-snippet":"max-snippet:-1","max-image-preview":"max-image-preview:large","max-video-preview":"max-video-preview:-1"},"canonical":"https:\/\/bapro-biro.si\/?page_id=143","og_locale":"sl_SI","og_type":"article","og_title":"REFERENCE -","og_description":"Uspe\u0161no smo zaklju\u010dili \u017ee preko 700 razli\u010dnihprojektov.\u00a0 \u00a0 Individualni projekti hi\u0161 Tipske hi\u0161e Poslovni objekti Industrijski objekti Gospodarski objekti Strokovni nadzor Vizualizacije Legalizacije Dozidave-nadzidave Rekonstrukcije Spremembe namambnosti Vila bloki Dvoj\u010dki Vrstne hi\u0161e 0 + let poslovanja. 0 + izvedenih projektov.","og_url":"https:\/\/bapro-biro.si\/?page_id=143","article_modified_time":"2024-02-23T16:52:16+00:00","twitter_card":"summary_large_image","schema":{"@context":"https:\/\/schema.org","@graph":[{"@type":"WebPage","@id":"https:\/\/bapro-biro.si\/?page_id=143","url":"https:\/\/bapro-biro.si\/?page_id=143","name":"REFERENCE -","isPartOf":{"@id":"https:\/\/bapro-biro.si\/#website"},"datePublished":"2023-12-04T16:23:52+00:00","dateModified":"2024-02-23T16:52:16+00:00","breadcrumb":{"@id":"https:\/\/bapro-biro.si\/?page_id=143#breadcrumb"},"inLanguage":"sl-SI","potentialAction":[{"@type":"ReadAction","target":["https:\/\/bapro-biro.si\/?page_id=143"]}]},{"@type":"BreadcrumbList","@id":"https:\/\/bapro-biro.si\/?page_id=143#breadcrumb","itemListElement":[{"@type":"ListItem","position":1,"name":"Home","item":"https:\/\/bapro-biro.si\/"},{"@type":"ListItem","position":2,"name":"REFERENCE"}]},{"@type":"WebSite","@id":"https:\/\/bapro-biro.si\/#website","url":"https:\/\/bapro-biro.si\/","name":"Bapro-Biro.si","description":"","publisher":{"@id":"https:\/\/bapro-biro.si\/#organization"},"potentialAction":[{"@type":"SearchAction","target":{"@type":"EntryPoint","urlTemplate":"https:\/\/bapro-biro.si\/?s={search_term_string}"},"query-input":{"@type":"PropertyValueSpecification","valueRequired":true,"valueName":"search_term_string"}}],"inLanguage":"sl-SI"},{"@type":"Organization","@id":"https:\/\/bapro-biro.si\/#organization","name":"Bapro Biro","url":"https:\/\/bapro-biro.si\/","logo":{"@type":"ImageObject","inLanguage":"sl-SI","@id":"https:\/\/bapro-biro.si\/#\/schema\/logo\/image\/","url":"https:\/\/bapro-biro.si\/wp-content\/uploads\/2023\/12\/cropped-bapro-biro-logo-1.png","contentUrl":"https:\/\/bapro-biro.si\/wp-content\/uploads\/2023\/12\/cropped-bapro-biro-logo-1.png","width":326,"height":123,"caption":"Bapro Biro"},"image":{"@id":"https:\/\/bapro-biro.si\/#\/schema\/logo\/image\/"}}]}},"_links":{"self":[{"href":"https:\/\/bapro-biro.si\/index.php?rest_route=\/wp\/v2\/pages\/143","targetHints":{"allow":["GET"]}}],"collection":[{"href":"https:\/\/bapro-biro.si\/index.php?rest_route=\/wp\/v2\/pages"}],"about":[{"href":"https:\/\/bapro-biro.si\/index.php?rest_route=\/wp\/v2\/types\/page"}],"author":[{"embeddable":true,"href":"https:\/\/bapro-biro.si\/index.php?rest_route=\/wp\/v2\/users\/1"}],"replies":[{"embeddable":true,"href":"https:\/\/bapro-biro.si\/index.php?rest_route=%2Fwp%2Fv2%2Fcomments&post=143"}],"version-history":[{"count":60,"href":"https:\/\/bapro-biro.si\/index.php?rest_route=\/wp\/v2\/pages\/143\/revisions"}],"predecessor-version":[{"id":518,"href":"https:\/\/bapro-biro.si\/index.php?rest_route=\/wp\/v2\/pages\/143\/revisions\/518"}],"wp:attachment":[{"href":"https:\/\/bapro-biro.si\/index.php?rest_route=%2Fwp%2Fv2%2Fmedia&parent=143"}],"curies":[{"name":"wp","href":"https:\/\/api.w.org\/{rel}","templated":true}]}}